{"id":14,"date":"2021-09-28T15:02:36","date_gmt":"2021-09-28T15:02:36","guid":{"rendered":"http:\/\/www.jura-trockenbau.de\/jtcms\/?page_id=14"},"modified":"2023-01-27T10:56:24","modified_gmt":"2023-01-27T10:56:24","slug":"leistungen","status":"publish","type":"page","link":"https:\/\/www.jura-trockenbau.de\/jtcms\/leistungen\/","title":{"rendered":"Leistungen"},"content":{"rendered":"\n<p class=\"has-medium-font-size\">Jura Trockenbau GmbH &amp; Co. KG f\u00fchrt unter anderem folgende Arbeiten f\u00fcr Sie aus:<\/p>\n\n\n\n<p class=\"has-medium-font-size\"><strong> Trockenbau<\/strong><br>&#8211; Dachausbau<br>&#8211; Gipskartonw\u00e4nde<br>&#8211; Trennw\u00e4nde<br>&#8211; Verkofferung \/ Rohrverkleidungen<br>&#8211; Systemdecken<br>&#8211; Trockenestrich<br>&#8211; Verlegearbeiten (Laminat, Vinyl, Parketb\u00f6den)<br><br><strong>Fliesenlegearbeiten<\/strong><br>&#8211; B\u00e4der<br>&#8211; Terrassen<br>&#8211; Balkone <\/p>\n","protected":false},"excerpt":{"rendered":"<p>Jura Trockenbau GmbH &amp; Co. KG f\u00fchrt unter anderem folgende Arbeiten f\u00fcr Sie aus: Trockenbau&#8211; Dachausbau&#8211; Gipskartonw\u00e4nde&#8211; Trennw\u00e4nde&#8211; Verkofferung \/ Rohrverkleidungen&#8211; Systemdecken&#8211; Trockenestrich&#8211; Verlegearbeiten (Laminat, [&hellip;]<\/p>\n","protected":false},"author":1,"featured_media":10,"parent":0,"menu_order":0,"comment_status":"closed","ping_status":"closed","template":"page-templates\/page_fullwidth.php","meta":{"footnotes":""},"jetpack_sharing_enabled":true,"_links":{"self":[{"href":"https:\/\/www.jura-trockenbau.de\/jtcms\/wp-json\/wp\/v2\/pages\/14"}],"collection":[{"href":"https:\/\/www.jura-trockenbau.de\/jtcms\/wp-json\/wp\/v2\/pages"}],"about":[{"href":"https:\/\/www.jura-trockenbau.de\/jtcms\/wp-json\/wp\/v2\/types\/page"}],"author":[{"embeddable":true,"href":"https:\/\/www.jura-trockenbau.de\/jtcms\/wp-json\/wp\/v2\/users\/1"}],"replies":[{"embeddable":true,"href":"https:\/\/www.jura-trockenbau.de\/jtcms\/wp-json\/wp\/v2\/comments?post=14"}],"version-history":[{"count":8,"href":"https:\/\/www.jura-trockenbau.de\/jtcms\/wp-json\/wp\/v2\/pages\/14\/revisions"}],"predecessor-version":[{"id":605,"href":"https:\/\/www.jura-trockenbau.de\/jtcms\/wp-json\/wp\/v2\/pages\/14\/revisions\/605"}],"wp:featuredmedia":[{"embeddable":true,"href":"https:\/\/www.jura-trockenbau.de\/jtcms\/wp-json\/wp\/v2\/media\/10"}],"wp:attachment":[{"href":"https:\/\/www.jura-trockenbau.de\/jtcms\/wp-json\/wp\/v2\/media?parent=14"}],"curies":[{"name":"wp","href":"https:\/\/api.w.org\/{rel}","templated":true}]}}